s -39d2 - 2d?
-3a10
In base 15, what is -b + -126?
-132
In base 14, what is dc5 - -d7?
10bc
In base 10, what is -403363 + 5?
-403358
In base 9, what is 13 - -255828?
255842
In base 4, what is 1112321 - -10?
1112331
In base 13, what is -4 + -1abc2?
-1abc6
In base 2, what is 101001 - 1001000001110?
-1000111100101
In base 9, what is 12 - -471486?
471508
In base 16, what is -b472 - -5?
-b46d
In base 11, what is 178596 - 10?
178586
In base 10, what is -1766332 - 0?
-1766332
In base 14, what is -8 - -59?
51
In base 15, what is 17c448 + 1?
17c449
In base 11, what is -1130 + 28a?
-951
In base 10, what is 21398 + -3?
21395
In base 6, what is -254053 - 0?
-254053
In base 16, what is -db81 - -3?
-db7e
In base 8, what is 150751 - -146?
151117
In base 9, what is -17 - 5366?
-5384
In base 11, what is -39145 - 0?
-39145
In base 10, what is -2904 + -158?
-3062
In base 7, what is -1 + -150612?
-150613
In base 6, what is 2 + 25040?
25042
In base 6, what is -343313 + -3?
-343320
In base 3, what is -102 + 21222102?
21222000
In base 2, what is 101000000 - -110011111?
1011011111
In base 2, what is 111010011010000101 + 11?
111010011010001000
In base 6, what is 4 + 200510?
200514
In base 9, what is 15 - 153?
-137
In base 5, what is 113 - 3331?
-3213
In base 14, what is d7 - -1b53?
1c4a
In base 7, what is 30 - 11341?
-11311
In base 12, what is 5911 + -3?
590a
In base 6, what is 5 + 3453?
3502
In base 10, what is 5 - 273?
-268
In base 12, what is -26aba + -41?
-26b3b
In base 2, what is 11 + 1000000101101010?
1000000101101101
In base 11, what is -35a + -128?
-487
In base 12, what is -84 - -880?
7b8
In base 10, what is 49 + -3578?
-3529
In base 8, what is -261203 + -5?
-261210
In base 15, what is 988 - -e?
997
In base 5, what is 100 + -33230?
-33130
In base 16, what is -5d1 - 11?
-5e2
In base 10, what is 14857 - -12?
14869
In base 6, what is 1 + -14544?
-14543
In base 12, what is 4 - -38b942?
38b946
In base 5, what is 212033 + 1323?
213411
In base 2, what is 1011001001001 - -1001011110?
1100010100111
In base 12, what is 1920 - 11?
190b
In base 15, what is c6b2 + 1a?
c6cc
In base 8, what is 250017 - 0?
250017
In base 15, what is -36d77 - 2?
-36d79
In base 6, what is 1225354044 - -1?
1225354045
In base 5, what is -200140243 + 4?
-200140234
In base 2, what is 1 + -111100001001100?
-111100001001011
In base 12, what is 263 + -4236?
-3b93
In base 16, what is -e7 - 16?
-fd
In base 15, what is 94bc - -2?
94be
In base 5, what is 13112244 + -23?
13112221
In base 13, what is 1cc - 80?
14c
In base 12, what is -3a169b - 1?
-3a16a0
In base 11, what is -14244 - 1?
-14245
In base 14, what is -41d + -98?
-4b7
In base 4, what is -3 - -100120123?
100120120
In base 14, what is 1a - -18ac?
18c8
In base 7, what is 2253641 - 0?
2253641
In base 16, what is 0 + 2f7?
2f7
In base 7, what is 14 + 24511?
24525
In base 16, what is -be3f + -15?
-be54
In base 15, what is -1d8 + 1?
-1d7
In base 9, what is -3567 - -173?
-3384
In base 2, what is 10011 - 1010000100100110?
-1010000100010011
In base 16, what is -473f - 5?
-4744
In base 2, what is 100010001 + 100010?
100110011
In base 14, what is 160a2 + 5?
160a7
In base 9, what is 11120 - 7?
11112
In base 15, what is -a8 - -20?
-88
In base 15, what is -8 + 1584?
157b
In base 12, what is 5181a + 21?
5183b
In base 12, what is -2 - 5613?
-5615
In base 9, what is -31275 - 3?
-31278
In base 16, what is e - 620da?
-620cc
In base 15, what is 13 + 18da?
18ed
In base 2, what is 0 + 10111110001001?
10111110001001
In base 5, what is 120122 - -10?
120132
In base 8, what is 152 - -517?
671
In base 8, what is 2432 - 3157?
-525
In base 7, what is -1 + 6651?
6650
In base 5, what is 142 - -1312?
2004
In base 3, what is 1112021100 - -112?
1112021212
In base 14, what is 1 + 3a68?
3a69
In base 10, what is -1579 - 21?
-1600
In base 6, what is 0 - -10310424?
10310424
In base 16, what is -1c4 + -12f?
-2f3
In base 5, what is -103143 - -14?
-103124
In base 12, what is -80 - 797?
-857
In base 6, what is -115440 + -230?
-120110
In base 9, what is 1351337 + -5?
1351332
In base 2, what is 0 - 101100100001?
-101100100001
In base 6, what is -401532 - -5?
-401523
In base 8, what is -14012 - 27?
-14041
In base 9, what is -31622 + 1?
-31621
In base 11, what is -83 - -11638?
11565
In base 14, what is -16 - -350?
338
In base 2, what is -10101010111 + 1010011?
-10100000100
In base 11, what is 2037 + -16?
2021
In base 4, what is 10 + 12313233033?
12313233103
In base 5, what is -11 - 402?
-413
In base 5, what is 2430 + 240?
3220
In base 5, what is -431 + -13?
-444
In base 5, what is 4 - 2442443?
-2442434
In base 5, what is 4210242 - 4?
4210233
In base 6, what is 1443 + 1421?
3304
In base 3, what is -11221111 - 1010?
-11222121
In base 16, what is 10 - -69a?
6aa
In base 10, what is 16 - -11607?
11623
In base 9, what is -30 - 61054?
-61084
In base 10, what is -1 - -10458?
10457
In base 3, what is 112210 + -110110210?
-102221000
In base 2, what is 111100011101011 - -11?
111100011101110
In base 8, what is 1425200 - -1?
1425201
In base 10, what is -162 + -1454?
-1616
In base 16, what is 23f + -209c?
-1e5d
In base 4, what is -12030102 + 11?
-12030031
In base 10, what is -2485877 - -3?
-2485874
In base 8, what is 2612 - -37?
2651
In base 6, what is -5050 + 25?
-5021
In base 2, what is -110101101 - 1110101001000?
-1111011110101
In base 14, what is 17 - 18b?
-174
In base 7, what is 5 - 14636?
-14631
In base 4, what is 1310 - 300101?
-232131
In base 7, what is 2016 - 303?
1413
In base 7, what is 32 + -142?
-110
In base 10, what is -14297 - -9?
-14288
In base 14, what is -2b + 594?
567
In base 2, what is -1010010011 - 10001111100?
-11100001111
In base 13, what is 9559 - -31?
958a
In base 6, what is 0 - -122242?
122242
In base 3, what is -1011022220 - -12?
-1011022201
In base 2, what is 11 - -100001110110011?
100001110110110
In base 9, what is -12421 - -17?
-12403
In base 6, what is -2 - -2253513?
2253511
In base 2, what is 10 + 10000100100000?
10000100100010
In base 9, what is -6 + -26302?
-26308
In base 16, what is 4 + -34?
-30
In base 16, what is 52f7 - -39?
5330
In base 2, what is 10000 - -111111011000100?
111111011010100
In base 2, what is -101000011000011001 - 100?
-101000011000011101
In base 15, what is -1 + -13ac?
-13ad
In base 8, what is 2 - 537015?
-537013
In base 15, what is -1072 + 1b?
-1056
In base 9, what is 3566 - 18?
3547
In base 10, what is 1394 - -40?
1434
In base 9, what is 2863 - 83?
2770
In base 12, what is 4 - -1038aa?
1038b2
In base 15, what is 20ed - -5?
2103
In base 2, what is 1 + -1000011011101111?
-1000011011101110
In base 8, what is -2 + 4226620?
4226616
In base 12, what is -a + -2833?
-2841
In base 11, what is 2684 - a0?
2594
In base 10, what is 9179 - -20?
9199
In base 9, what is 2 + -36042?
-36040
In base 14, what is -3dd7 - 8?
-4001
In base 14, what is -11 - 43198?
-431a9
In base 6, what is -210421 + -232?
-211053
In base 15, what is -c2d0 - -3?
-c2cc
In base 11, what is -30 + 21a1?
2171
In base 12, what is 3a3507 + -2?
3a3505
In base 16, what is -5 + 6ccc8?
6ccc3
In base 6, what is 145 + -105?
40
In base 13, what is -c873b + -4?
-c8742
In base 2, what is -1001010111011 + -11?
-1001010111110
In base 11, what is -4 - 435732?
-435736
In base 5, what is 40132 + -2003?
33124
In base 2, what is 11101101010101 + -100000?
11101100110101
In base 2, what is 11101011100 - -1001000?
11110100100
In base 15, what is -4 + d5cc?
d5c8
In base 11, what is 303 + -4a1?
-199
In base 7, what is 1 - 245222?
-245221
In base 4, what is -3 + -1011000?
-1011003
In base 8, what is -147 + 4102?
3733
In base 8, what is 1152417 + 0?
1152417
In base 2, what is 11 - -1000110110100100101?
1000110110100101000
In base 8, what is 20 + -55402?
-55362
In base 15, what is 3 + -159bc?
-159b9
In base 12, what is 149 - 157?
-a
In base 10, what is 0 - -8437?
8437
In base 7, what is -66122 + 5?
-66114
In base 13, what is 4 + -1b45c?
-1b458
In base 5, what is 12010200 + -13?
12010132
In base 3, what is 1122101011120 - 10?
1122101011110
In base 6, what is -3404035 - -3?
-3404032
In base 4, what is -111003 - -231?
-110112
In base 3, what is 2021 - -200001?
202022
In base 9, what is -4 - 14724?
-14728
In base 12, what is 0 + 20986?
20986
In base 9, what is -323 + 1280?
856
In base 13, what is -141 + 224?
b3
In base 3, w